 1228 + 558 = 19*d. Calculate the remainder when d is divided by b + (14 + -4)*2.
22
Suppose 52*j - 32 = -4*x + 56*j, 0 = 4*x - 2*j - 34. Suppose -3*q - x = 0, q = 10*h - 9*h - 80. Calculate the remainder when 920 is divided by h.
73
Let c(l) = l**3 - l**2 + 2*l + 89. Let h be c(0). Let g = h + -79. Let p(v) = 2*v + 9. What is the remainder when p(g) is divided by 11?
7
Suppose 77*g = 4*g + 956519. What is the remainder when g is divided by 21?
20
Suppose -6*t + 1 = -5*t. Suppose 0 = -2*d + 3*v - 1, 2*v - t = 3*d + 3. Calculate the remainder when 61 is divided by (13/d)/((-2)/4).
9
Let k be 12*(4/6 - 0). Suppose k = 5*a - 32. Let n(u) = u**3 + 5*u**2 - 3*u + 1. Calculate the remainder when n(-3) is divided by a.
4
Suppose 3*l = 5*l - 184. Suppose -3*m = -3*y + 96, 123 = 827*y - 823*y - 3*m. Calculate the remainder when l is divided by y.
11
Suppose -2*l - f + 1212 = 0, -3015 = -16*l + 11*l + 5*f. What is the remainder when l is divided by 29?
25
Let h = -3598 + 3611. What is the remainder when 491 is divided by h?
10
Let a be 564/6*1/(-2) - -3. Let u = 58 + a. Calculate the remainder when 68 is divided by u.
12
Let u be -15*(0 + 1)*(21 + -11). Let y = u + 169. Calculate the remainder when 28 is divided by y.
9
Let j(w) = -6*w + 15. Let i(z) = -36 + 12 + 15 + 8. Let d(n) = 4*i(n) - j(n). Calculate the remainder when 97 is divided by d(5).
9
Suppose -2*p + 8 = -42. Let s be 0/(-1) - (-108 + 24). Let f = 93 - s. What is the remainder when p is divided by f?
7
Let q = -5795 - -7622. Calculate the remainder when q is divided by 13.
7
Let p = -752 - -823. Calculate the remainder when p is divided by 15.
11
Let z = -3586 + 7297. What is the remainder when z is divided by 32?
31
What is the remainder when 110 is divided by 1 + 6 + ((-30)/55)/(156/1144)?
2
Suppose -14*x + 191 = -12*x + f, -x - 5*f = -109. What is the remainder when 1499 is divided by x?
89
Let x(f) be the first derivative of -15*f**2/2 + 219*f - 44. Calculate the remainder when x(6) is divided by 69.
60
Calculate the remainder when (-2876)/(-44) - (-8)/(-22) is divided by 29.
7
Suppose -d + 1214 = -5*k + 3372, 3*k = d + 1294. Suppose -7*y + k = -492. Calculate the remainder when y is divided by 34.
30
Suppose -42*w = -178585 + 36079. Calculate the remainder when w is divided by 79.
75
Let a = 2675 - 2593. Calculate the remainder when a is divided by 10.
2
Let v = -6717 + 6742. Calculate the remainder when 209 is divided by v.
9
Let w be ((-760)/30)/(4/6). Let r = -47 - w. Let x(v) = v + 45. What is the remainder when 142 is divided by x(r)?
34
Suppose g - 34*y = -30*y + 2452, 5*y - 2506 = -g. What is the remainder when g is divided by 22?
12
Let w = 127 - 88. Suppose 0 = -2*q - 42*k + 322, 0 = 7*q - 5*q + 3*k - 49. What is the remainder when w is divided by q?
11
Let a(m) = -3*m**3 + 34*m**2 - 41*m + 29. What is the remainder when 2241 is divided by a(10)?
18
Suppose h - 28 = -5*s - h, -s - 5*h + 24 = 0. Suppose 88 = 4*g + s*i, -21 = -5*g - 4*i + 92. What is the remainder when g is divided by 156/10 + 8/20?
9
Suppose -4*l + t + 146 = -85, 219 = 4*l + 3*t. Suppose 135 - l = 3*j. What is the remainder when 49 is divided by j?
23
Suppose 10*m - 148 = 6*m. Let h = 74 - m. What is the remainder when (1 - 6 - -10) + h is divided by 9?
6
Let c be ((-14)/8)/((11/(-88))/1). Suppose j + c*j - 2625 = 0. Calculate the remainder when j is divided by 61.
53
Let r(s) = -2*s**3 - s**2 + 8*s - 10. Let m(a) = 2*a**3 + a**2 - 8*a + 11. Let n(w) = 3*m(w) + 2*r(w). Calculate the remainder when n(4) is divided by 34.
23
Suppose 510 = 31*c + 10*c - 11*c. Calculate the remainder when 15467 is divided by c.
14
Let l(h) = -21*h**2 + 23*h - 11. Let a be l(5). Let c = a - -516. Calculate the remainder when c is divided by 12.
11
Suppose 5*h - 71 = -3*x, -108*h + 2 = -106*h. Calculate the remainder when 595 is divided by x.
1
Suppose -4*t - 128 = -o, 0 = 5*o - 10*o - 5*t + 615. Calculate the remainder when o is divided by ((-14)/(-4))/(41/164).
12
Let d(j) = 4*j**2 - 12*j - 140. Calculate the remainder when d(16) is divided by 166.
28
Let x(h) = -23*h**2 + 9 + 52*h**2 - 14*h - 30*h**2. Suppose -5*j + 2*g = -161, 3*j + 2*g = 4*j - 37. What is the remainder when j is divided by x(-14)?
4
Let f(i) be the third derivative of 5*i**4/24 - 25*i**3/6 + 35*i**2 - 2*i. What is the remainder when 31 is divided by f(7)?
1
Let w = -9131 + 13081. What is the remainder when w is divided by 8?
6
Let t be 0 + (1 - -1) + 0 + -2. Suppose t = o + 17*o - 1116. Suppose -3*l + 0 = -48. Calculate the remainder when o is divided by l.
14
Suppose 0 = 5*z - 6 - 9, -4*z + 120 = 3*m. Let r = -1678 - -1819. Calculate the remainder when r is divided by m.
33
Let d be 9/7 + -1 + 576/(-7). Let q = d - -160. Suppose -45*n = -46*n + q. What is the remainder when n is divided by 17?
10
Suppose 4*r = 5*p + 1261, r + 2 = 2*p + 321. Let n = -136 + r. What is the remainder when n is divided by 25?
23
Suppose 5*t + 18 = 33. Let i be -1 - (-1 - -3)*(t - 2). Calculate the remainder when (-723)/i - (7 + 3 + -6) is divided by 24.
21
Let f = -10843 - -10905. What is the remainder when f is divided by 6*-7*1/(-2)?
20
Let x(f) = -7*f**2 + 4*f**3 + 19*f - 8*f - 24 - 3*f**3. Suppose -7*n + 36*n = 174. What is the remainder when 9 is divided by x(n)?
3
Let k = 49 + -49. Suppose -2*b = 5*g - 24, k*g + 4*b = 2*g. Suppose -2*h + 271 = h + g*w, w - 1 = 0. Calculate the remainder when h is divided by 23.
20
Suppose -4*t + 9*r + 20 = 12*r, 0 = 3*t - 2*r - 32. Suppose f = -t + 29. What is the remainder when 38 is divided by f?
17
Suppose 3*p - 5 - 22 = 0. Let o(g) = -6*g + 34. Let h be o(6). What is the remainder when h - 3 - -5 - -34 is divided by p?
7
Calculate the remainder when (5*1497/105)/((-170)/35 - -5) is divided by 103.
87
Suppose 3*o - 12*o - 5*o = -1526. Calculate the remainder when o is divided by 43 - (-5)/((-5)/4).
31
Let f(v) = 2*v + 60. Calculate the remainder when (6 - 7) + 146/(1 + 1) is divided by f(-10).
32
What is the remainder when 208 is divided by -77*(-2)/(((-20)/(-24))/((-25)/(-140)))?
10
Suppose -3*m + 469*r + 2891 = 467*r, 0 = 5*m + 4*r - 4877. What is the remainder when m is divided by 57?
0
Suppose -752 = -k - 377. What is the remainder when k is divided by 71?
20
Suppose -2*l + 1392 = -5*y, -5*y + 4760 = 4*l + 1916. Calculate the remainder when l is divided by 127.
71
Let d = -7017 + 7508. Calculate the remainder when d is divided by 33.
29
Calculate the remainder when 91 is divided by (-100)/(-325)*494/4.
15
Suppose -4*a + 483 = -1253. What is the remainder when a is divided by 47?
11
Let h be ((5 - -3) + -9)*-5. Suppose -137 = -5*x - b + 1297, 0 = h*x + 2*b - 1438. Calculate the remainder when x is divided by 73.
67
Suppose -2*o + 5 - 15 = 0. Let j(f) = f**3 + 6*f**2 + 5*f + 4. Let v be j(o). Suppose -4 = -v*u + 32. Calculate the remainder when 13 is divided by u.
4
Suppose -37*c - 9 - 28 = 0. Calculate the remainder when 49 is divided by -1 + 18 + 3 + c.
11
Suppose 28*i + 216 = 48. What is the remainder when 43 is divided by (-2 - i) + 1 + (-9 - -19)?
13
Let x(h) = -h**2 + 23*h + 17. Let r be ((-208)/72)/13 - (-328)/18. Calculate the remainder when x(r) is divided by 29.
20
Let m = -2261 + 2268. Suppose 4 + 21 = -4*z + h, 10 = -5*z - 3*h. Let p = 0 - z. Calculate the remainder when m is divided by p.
2
Suppose 0 = -144*w + 308*w - 2020 - 1588. Calculate the remainder when 5829 is divided by w.
21
Let h be 332/(-68) - 16/136. Let j(g) = g**3 + 8*g**2 + 16*g + 8. Calculate the remainder when 48 is divided by j(h).
0
Suppose -9567 = -43*x - 2884 + 7507. What is the remainder when 683 is divided by x?
23
Suppose -22*o - 221 = -465 - 174. Calculate the remainder when 2420 is divided by o.
7
Let m = 90 - 179. Let o = -84 - m. What is the remainder when o is divided by 6/(-10) - (-168)/30?
0
Let w = -338 + 528. Calculate the remainder when w is divided by (18/6)/(-12*9/(-2304)).
62
Suppose -p = -2*v - 24, 0 = -p + v - 7 + 23. Calculate the remainder when 1510 is divided by p.
6
Suppose r + f - 5 = 0, -31 = 4*r - 9*r - 3*f. Calculate the remainder when 52 is divided by r.
4
Let g = 75 - 76. Calculate the remainder when 76 is divided by (6 + (-18)/4)/(g/(-30)).
31
What is the remainder when 456 is divided by -3 + 209/19 + 52?
36
Let a = -7 